divided by 27?
23
Calculate the remainder when 459 is divided by 94.
83
Calculate the remainder when 116 is divided by 27.
8
What is the remainder when 760 is divided by 177?
52
Calculate the remainder when 376 is divided by 368.
8
Calculate the remainder when 321 is divided by 66.
57
Calculate the remainder when 139 is divided by 19.
6
Calculate the remainder when 346 is divided by 25.
21
Calculate the remainder when 123 is divided by 87.
36
What is the remainder when 35 is divided by 11?
2
Calculate the remainder when 533 is divided by 8.
5
Calculate the remainder when 1463 is divided by 69.
14
What is the remainder when 865 is divided by 22?
7
Calculate the remainder when 244 is divided by 90.
64
Calculate the remainder when 1100 is divided by 8.
4
Calculate the remainder when 384 is divided by 77.
76
Calculate the remainder when 382 is divided by 133.
116
Calculate the remainder when 470 is divided by 126.
92
What is the remainder when 583 is divided by 36?
7
Calculate the remainder when 3997 is divided by 995.
17
Calculate the remainder when 1095 is divided by 100.
95
What is the remainder when 69 is divided by 52?
17
What is the remainder when 866 is divided by 215?
6
Calculate the remainder when 320 is divided by 67.
52
Calculate the remainder when 520 is divided by 9.
7
Calculate the remainder when 177 is divided by 96.
81
Calculate the remainder when 220 is divided by 19.
11
Calculate the remainder when 467 is divided by 18.
17
What is the remainder when 335 is divided by 133?
69
Calculate the remainder when 418 is divided by 28.
26
What is the remainder when 293 is divided by 3?
2
What is the remainder when 3386 is divided by 339?
335
Calculate the remainder when 195 is divided by 14.
13
What is the remainder when 30 is divided by 6?
0
Calculate the remainder when 1994 is divided by 250.
244
Calculate the remainder when 1898 is divided by 5.
3
What is the remainder when 24 is divided by 9?
6
What is the remainder when 46 is divided by 32?
14
What is the remainder when 84 is divided by 52?
32
What is the remainder when 89 is divided by 33?
23
Calculate the remainder when 647 is divided by 59.
57
Calculate the remainder when 3986 is divided by 19.
15
What is the remainder when 13 is divided by 12?
1
What is the remainder when 964 is divided by 21?
19
What is the remainder when 1770 is divided by 56?
34
Calculate the remainder when 23 is divided by 20.
3
What is the remainder when 161 is divided by 106?
55
What is the remainder when 1428 is divided by 712?
4
Calculate the remainder when 70 is divided by 19.
13
Calculate the remainder when 6032 is divided by 85.
82
What is the remainder when 45 is divided by 30?
15
What is the remainder when 27157 is divided by 70?
67
Calculate the remainder when 1110 is divided by 17.
5
What is the remainder when 361 is divided by 61?
56
Calculate the remainder when 555 is divided by 184.
3
Calculate the remainder when 2308 is divided by 10.
8
What is the remainder when 2366 is divided by 148?
146
Calculate the remainder when 289 is divided by 7.
2
What is the remainder when 741 is divided by 34?
27
Calculate the remainder when 53 is divided by 37.
16
What is the remainder when 20686 is divided by 12?
10
Calculate the remainder when 155 is divided by 50.
5
What is the remainder when 526 is divided by 137?
115
What is the remainder when 62 is divided by 9?
8
What is the remainder when 814 is divided by 55?
44
Calculate the remainder when 16535 is divided by 212.
211
What is the remainder when 18530 is divided by 213?
212
What is the remainder when 147 is divided by 6?
3
Calculate the remainder when 290 is divided by 61.
46
Calculate the remainder when 1701 is divided by 71.
68
Calculate the remainder when 587 is divided by 18.
11
What is the remainder when 1574 is divided by 75?
74
What is the remainder when 488 is divided by 99?
92
Calculate the remainder when 686 is divided by 177.
155
What is the remainder when 178 is divided by 21?
10
Calculate the remainder when 50 is divided by 4.
2
What is the remainder when 129 is divided by 33?
30
What is the remainder when 5601 is divided by 6?
3
Calculate the remainder when 701 is divided by 54.
53
Calculate the remainder when 46 is divided by 23.
0
Calculate the remainder when 160 is divided by 38.
8
What is the remainder when 160 is divided by 54?
52
Calculate the remainder when 3761 is divided by 114.
113
What is the remainder when 2271 is divided by 5?
1
What is the remainder when 185 is divided by 66?
53
What is the remainder when 1238 is divided by 15?
8
What is the remainder when 19990 is divided by 6?
4
Calculate the remainder when 351 is divided by 11.
10
Calculate the remainder when 815 is divided by 16.
15
What is the remainder when 97 is divided by 33?
31
Calculate the remainder when 89 is divided by 34.
21
What is the remainder when 860 is divided by 107?
4
What is the remainder when 27765 is divided by 13?
10
Calculate the remainder when 647 is divided by 211.
14
Calculate the remainder when 342 is divided by 158.
26
What is the remainder when 111 is divided by 65?
46
Calculate the remainder when 525 is divided by 22.
19
What is the remainder when 577 is divided by 237?
103
What is the remainder when 600 is divided by 67?
64
What is the remainder when 31 is divided by 6?
1
Calculate the remainder when 3507 is divided by 65.
62
Calculate the remainder when 886 is divided by 443.
0
Calculate the remainder when 1282 is divided by 141.
13
What is the remainder when 1306 is divided by 261?
1
What is the remainder when 149 is divided by 4?
1
What is the remainder when 29209 is divided by 67?
64
Calculate the remainder when 1719 is divided by 4.
3
Calculate the remainder when 1832 is divided by 466.
434
What is the remainder when 49 is divided by 17?
15
Calculate the remainder when 4954 is divided by 160.
154
What is the remainder when 81 is divided by 42?
39
What is the remainder when 81 is divided by 36?
9
Calculate the remainder when 37 is divided by 11.
4
What is the remainder when 6971 is divided by 87?
11
What is the remainder when 284 is divided by 9?
5
What is the remainder when 689 is divided by 23?
22
What is the remainder when 15049 is divided by 50?
49
What is the remainder when 17918 is divided by 320?
318
What is the remainder when 249 is divided by 50?
49
Calculate the remainder when 113 is divided by 47.
19
What is the remainder when 198 is divided by 20?
18
What is the remainder when 9490 is divided by 113?
111
What is the remainder when 1616 is divided by 199?
24
Calculate the remainder when 387 is divided by 78.
75
Calculate the remainder when 41201 is divided by 109.
108
What is the remainder when 113 is divided by 15?
8
What is the remainder when 913 is divided by 25?
13
Calculate the remainder when 961 is divided by 37.
36
What is the remainder when 305 is divided by 17?
16
Calculate the remainder when 72 is divided by 44.
28
Calculate the remainder when 9429 is divided by 36.
33
What is the remainder when 72 is divided by 20?
12
What is the remainder when 58 is divided by 47?
11
Calculate the remainder when 799 is divided by 90.
79
What is the remainder when 389 is divided by 14?
11
What is the remainder when 1261 is divided by 11?
7
Calculate the remainder when 5120 is divided by 2552.
16
What is the remainder when 723 is divided by 146?
139
What is the remainder when 772 is divided by 387?
385
What is the remainder when 465 is divided by 67?
63
What is the remainder when 70 is divided by 45?
25
Calculate the remainder when 5013 is divided by 12.
9
What is the remainder when 1065 is divided by 12?
9
What is the remainder when 15077 is divided by 29?
26
Calculate the remainder when 149 is divided by 6.
5
What is the remainder when 810 is divided by 14?
12
Calculate the remainder when 97 is divided by 22.
9
What is the remainder when 1545 is divided by 10?
5
What is the remainder when 6003 is divided by 158?
157
Calculate the remainder when 1825 is divided by 106.
23
What is the remainder when 907 is divided by 269?
100
Calculate the remainder when 48 is divided by 43.
5
Calculate the remainder when 2736 is divided by 51.
33
Calculate the remainder when 469 is divided by 15.
4
Calculate the remainder when 38 is divided by 20.
